{"id":27,"date":"2022-03-30T12:25:22","date_gmt":"2022-03-30T10:25:22","guid":{"rendered":"https:\/\/www.silcherschule-stuttgart.de\/?page_id=27"},"modified":"2024-10-12T14:22:23","modified_gmt":"2024-10-12T12:22:23","slug":"gts","status":"publish","type":"page","link":"https:\/\/www.silcherschule-stuttgart.de\/?page_id=27","title":{"rendered":"GTS &#8211; Informationen"},"content":{"rendered":"<h2>GTS-Informationen<\/h2>\t\t\n\t\t<p><\/p>\n<p><strong>Silcherschule &#8211; teilgebundene Ganztagesschule<\/strong><\/p>\n<p><\/p>\n<p><\/p>\n<p>Die p\u00e4dagogischen Leitziele der Silcherschule orientieren sich am Bildungs- und Erziehungsauftrag der Grundschule (Bildungsplan 2016) und an den besonderen Bedarfslagen und Lernvoraussetzungen ihrer Kinder, um jedem eine <strong>ganzheitliche Pers\u00f6nlichkeitsentwicklung<\/strong> zu erm\u00f6glichen.<\/p>\n<p><\/p>\n<p><\/p>\n<p><em>Schule wird als zweiter Lebensmittelpunkt der Kinder so gestaltet, dass Kinder in ihrer Vielfalt und Unterschiedlichkeit dort nicht nur kognitiv lernen, sondern sich auch sozial, emotional und k\u00f6rperlich gesund <\/em><em>weiterentwickeln k\u00f6nnen.<\/em><\/p>\n<p><\/p>\n<p><\/p>\n<p>Die Silcherschule ist eine <strong>teilgebundene Ganztagesschule<\/strong>, d.h. die Eltern entscheiden bei der Schulanmeldung, ob sie ihr Kind f\u00fcr den Ganztagesbetrieb oder f\u00fcr den Halbtagesunterricht anmelden.<\/p>\n<p><\/p>\n<p><\/p>\n<p>Die <strong>verbindlichen Zeiten<\/strong> der Ganztagesschule sind: Mo &#8211; Do: 8.00 Uhr &#8211; 16.00 Uhr; Fr: 8.00 Uhr &#8211; 12.25 Uhr.<br \/>Dar\u00fcber hinaus k\u00f6nnen die Kinder bei Bedarf vor und nach dem Unterricht betreut werden:<br \/>Mo &#8211; Fr : 7.00 Uhr &#8211; 8.00 Uhr; 16.00 Uhr &#8211; 17.00 Uhr; zus\u00e4tzlich wird auch Ferienbetreuung f\u00fcr die Ganztageskinder angeboten.<\/p>\n<p><\/p>\n<p><\/p>\n<figure><img decoding=\"async\" src=\"https:\/\/www.silcher.s.schule-bw.de\/wp-content\/uploads\/2022\/03\/interimsbaukl.jpg\" alt=\"\" \/><\/figure>\n<p><\/p>\n<p><\/p>\n<p><strong>Was bietet unsere Ganztagesschule?<\/strong><\/p>\n<p><\/p>\n<p><\/p>\n<ul class=\"wp-block-list\">\n<li>mehr Zeit der Kinder an der Schule<\/li>\n<li>zus\u00e4tzliche Zeit der Lehrkr\u00e4fte, um die Kinder zusammen mit p\u00e4dagogischen Fachkr\u00e4ften beim individuellen Lernen zu unterst\u00fctzen<\/li>\n<li>Projekte und erweiterte Bildungsangebote durch Lehrkr\u00e4fte und p\u00e4dagogische Fachkr\u00e4fte<\/li>\n<li>gemeinsames Mittagessen<\/li>\n<li>p\u00e4dagogische Freizeitaktivit\u00e4ten<\/li>\n<li>Rhythmisierung des Tagesablaufs<\/li>\n<li>Kooperationen mit der Jugendhilfe, Vereinen, Einrichtungen des Stadtteils<\/li>\n<li>F\u00fcr Kinder der Halbtagesschule kann eine zus\u00e4tzliche Betreuung bis 14 Uhr und f\u00fcr eine Stunde vor Unterrichtsbeginn gebucht werden.<\/li>\n<\/ul>\n<p><\/p>\n<p><\/p>\n<p><strong>Leitung GTS-Team<\/strong>\u00a0<strong>und Kontakt<\/strong>: Annemarie Bresch, Telefon: 0711 \/ 216 &#8211; 60340<\/p>\n<p><\/p>","protected":false},"excerpt":{"rendered":"<p>GTS-Informationen Silcherschule &#8211; teilgebundene Ganztagesschule Die p\u00e4dagogischen Leitziele der Silcherschule orientieren sich am Bildungs- und Erziehungsauftrag der Grundschule (Bildungsplan 2016) und an den besonderen Bedarfslagen und Lernvoraussetzungen ihrer Kinder, um jedem eine ganzheitliche Pers\u00f6nlichkeitsentwicklung zu erm\u00f6glichen. Schule wird als zweiter Lebensmittelpunkt der Kinder so gestaltet, dass Kinder in ihrer Vielfalt und Unterschiedlichkeit dort nicht nur [&hellip;]<\/p>\n","protected":false},"author":1,"featured_media":0,"parent":11,"menu_order":3,"comment_status":"closed","ping_status":"closed","template":"","meta":{"ocean_post_layout":"","ocean_both_sidebars_style":"","ocean_both_sidebars_content_width":0,"ocean_both_sidebars_sidebars_width":0,"ocean_sidebar":"0","ocean_second_sidebar":"0","ocean_disable_margins":"enable","ocean_add_body_class":"","ocean_shortcode_before_top_bar":"","ocean_shortcode_after_top_bar":"","ocean_shortcode_before_header":"","ocean_shortcode_after_header":"","ocean_has_shortcode":"","ocean_shortcode_after_title":"","ocean_shortcode_before_footer_widgets":"","ocean_shortcode_after_footer_widgets":"","ocean_shortcode_before_footer_bottom":"","ocean_shortcode_after_footer_bottom":"","ocean_display_top_bar":"default","ocean_display_header":"default","ocean_header_style":"","ocean_center_header_left_menu":"0","ocean_custom_header_template":"0","ocean_custom_logo":0,"ocean_custom_retina_logo":0,"ocean_custom_logo_max_width":0,"ocean_custom_logo_tablet_max_width":0,"ocean_custom_logo_mobile_max_width":0,"ocean_custom_logo_max_height":0,"ocean_custom_logo_tablet_max_height":0,"ocean_custom_logo_mobile_max_height":0,"ocean_header_custom_menu":"0","ocean_menu_typo_font_family":"0","ocean_menu_typo_font_subset":"","ocean_menu_typo_font_size":0,"ocean_menu_typo_font_size_tablet":0,"ocean_menu_typo_font_size_mobile":0,"ocean_menu_typo_font_size_unit":"px","ocean_menu_typo_font_weight":"","ocean_menu_typo_font_weight_tablet":"","ocean_menu_typo_font_weight_mobile":"","ocean_menu_typo_transform":"","ocean_menu_typo_transform_tablet":"","ocean_menu_typo_transform_mobile":"","ocean_menu_typo_line_height":0,"ocean_menu_typo_line_height_tablet":0,"ocean_menu_typo_line_height_mobile":0,"ocean_menu_typo_line_height_unit":"","ocean_menu_typo_spacing":0,"ocean_menu_typo_spacing_tablet":0,"ocean_menu_typo_spacing_mobile":0,"ocean_menu_typo_spacing_unit":"","ocean_menu_link_color":"","ocean_menu_link_color_hover":"","ocean_menu_link_color_active":"","ocean_menu_link_background":"","ocean_menu_link_hover_background":"","ocean_menu_link_active_background":"","ocean_menu_social_links_bg":"","ocean_menu_social_hover_links_bg":"","ocean_menu_social_links_color":"","ocean_menu_social_hover_links_color":"","ocean_disable_title":"default","ocean_disable_heading":"default","ocean_post_title":"","ocean_post_subheading":"","ocean_post_title_style":"","ocean_post_title_background_color":"","ocean_post_title_background":0,"ocean_post_title_bg_image_position":"","ocean_post_title_bg_image_attachment":"","ocean_post_title_bg_image_repeat":"","ocean_post_title_bg_image_size":"","ocean_post_title_height":0,"ocean_post_title_bg_overlay":0.5,"ocean_post_title_bg_overlay_color":"","ocean_disable_breadcrumbs":"default","ocean_breadcrumbs_color":"","ocean_breadcrumbs_separator_color":"","ocean_breadcrumbs_links_color":"","ocean_breadcrumbs_links_hover_color":"","ocean_display_footer_widgets":"default","ocean_display_footer_bottom":"default","ocean_custom_footer_template":"0","footnotes":""},"class_list":["post-27","page","type-page","status-publish","hentry","entry"],"_links":{"self":[{"href":"https:\/\/www.silcherschule-stuttgart.de\/index.php?rest_route=\/wp\/v2\/pages\/27","targetHints":{"allow":["GET"]}}],"collection":[{"href":"https:\/\/www.silcherschule-stuttgart.de\/index.php?rest_route=\/wp\/v2\/pages"}],"about":[{"href":"https:\/\/www.silcherschule-stuttgart.de\/index.php?rest_route=\/wp\/v2\/types\/page"}],"author":[{"embeddable":true,"href":"https:\/\/www.silcherschule-stuttgart.de\/index.php?rest_route=\/wp\/v2\/users\/1"}],"replies":[{"embeddable":true,"href":"https:\/\/www.silcherschule-stuttgart.de\/index.php?rest_route=%2Fwp%2Fv2%2Fcomments&post=27"}],"version-history":[{"count":59,"href":"https:\/\/www.silcherschule-stuttgart.de\/index.php?rest_route=\/wp\/v2\/pages\/27\/revisions"}],"predecessor-version":[{"id":2410,"href":"https:\/\/www.silcherschule-stuttgart.de\/index.php?rest_route=\/wp\/v2\/pages\/27\/revisions\/2410"}],"up":[{"embeddable":true,"href":"https:\/\/www.silcherschule-stuttgart.de\/index.php?rest_route=\/wp\/v2\/pages\/11"}],"wp:attachment":[{"href":"https:\/\/www.silcherschule-stuttgart.de\/index.php?rest_route=%2Fwp%2Fv2%2Fmedia&parent=27"}],"curies":[{"name":"wp","href":"https:\/\/api.w.org\/{rel}","templated":true}]}}