{"id":163,"date":"2022-03-31T14:12:31","date_gmt":"2022-03-31T12:12:31","guid":{"rendered":"https:\/\/www.silcherschule-stuttgart.de\/?page_id=163"},"modified":"2023-10-06T18:09:32","modified_gmt":"2023-10-06T16:09:32","slug":"soziales-lernen","status":"publish","type":"page","link":"https:\/\/www.silcherschule-stuttgart.de\/?page_id=163","title":{"rendered":"Soziales Lernen"},"content":{"rendered":"<style>\/*! elementor - v3.16.0 - 20-09-2023 *\/\n.elementor-heading-title{padding:0;margin:0;line-height:1}.elementor-widget-heading .elementor-heading-title[class*=elementor-size-]>a{color:inherit;font-size:inherit;line-height:inherit}.elementor-widget-heading .elementor-heading-title.elementor-size-small{font-size:15px}.elementor-widget-heading .elementor-heading-title.elementor-size-medium{font-size:19px}.elementor-widget-heading .elementor-heading-title.elementor-size-large{font-size:29px}.elementor-widget-heading .elementor-heading-title.elementor-size-xl{font-size:39px}.elementor-widget-heading .elementor-heading-title.elementor-size-xxl{font-size:59px}<\/style>\n<h2>Unser Leitbild<\/h2>\n<style>\/*! elementor - v3.16.0 - 20-09-2023 *\/\n.elementor-column .elementor-spacer-inner{height:var(--spacer-size)}.e-con{--container-widget-width:100%}.e-con-inner>.elementor-widget-spacer,.e-con>.elementor-widget-spacer{width:var(--container-widget-width,var(--spacer-size));--align-self:var(--container-widget-align-self,initial);--flex-shrink:0}.e-con-inner>.elementor-widget-spacer>.elementor-widget-container,.e-con>.elementor-widget-spacer>.elementor-widget-container{height:100%;width:100%}.e-con-inner>.elementor-widget-spacer>.elementor-widget-container>.elementor-spacer,.e-con>.elementor-widget-spacer>.elementor-widget-container>.elementor-spacer{height:100%}.e-con-inner>.elementor-widget-spacer>.elementor-widget-container>.elementor-spacer>.elementor-spacer-inner,.e-con>.elementor-widget-spacer>.elementor-widget-container>.elementor-spacer>.elementor-spacer-inner{height:var(--container-widget-height,var(--spacer-size))}.e-con-inner>.elementor-widget-spacer.elementor-widget-empty,.e-con>.elementor-widget-spacer.elementor-widget-empty{position:relative;min-height:22px;min-width:22px}.e-con-inner>.elementor-widget-spacer.elementor-widget-empty .elementor-widget-empty-icon,.e-con>.elementor-widget-spacer.elementor-widget-empty .elementor-widget-empty-icon{position:absolute;top:0;bottom:0;left:0;right:0;margin:auto;padding:0;width:22px;height:22px}<\/style>\n<p>\t\t\t<a href=\"https:\/\/www.silcherschule-stuttgart.de\/?page_id=163\"><br \/>\n\t\t\t\t\t\tsoziales Lernen<br \/>\n\t\t\t\t\t<\/a><br \/>\n\t\t\t<a href=\"https:\/\/www.silcherschule-stuttgart.de\/?page_id=607\"><br \/>\n\t\t\t\t\t\tLesekompetenz<br \/>\n\t\t\t\t\t<\/a><br \/>\n\t\t\t<a href=\"https:\/\/www.silcherschule-stuttgart.de\/?page_id=604\"><br \/>\n\t\t\t\t\t\tmusisch-\u00e4sthetische F\u00f6rderung<br \/>\n\t\t\t\t\t<\/a><br \/>\n\t\t\t<a href=\"https:\/\/www.silcherschule-stuttgart.de\/?page_id=609\"><br \/>\n\t\t\t\t\t\tsportliche F\u00f6rderung<br \/>\n\t\t\t\t\t<\/a><\/p>\n<h2>soziales Lernen<\/h2>\n<p>Uns ist es ein sehr wichtiges Anliegen, dass sich alle an der Schule wohl f\u00fchlen und auch in schwierigen Situationen einf\u00fchlsam und r\u00fccksichtsvoll miteinander umgehen. Soziale Kompetenzen umfassen ein ganzes B\u00fcndel von Werten, Verhaltensweisen und Einstellungen. Sie bieten damit einen Rahmen, der ein harmonisches Zusammensein in Gruppen erm\u00f6glicht. Das gute Miteinander f\u00f6rdert wiederum ein positives Lernklima und erm\u00f6glicht damit gute Leistungen der Sch\u00fcler_innen.<\/p>\n<style>\/*! elementor - v3.16.0 - 20-09-2023 *\/\n.elementor-widget-image{text-align:center}.elementor-widget-image a{display:inline-block}.elementor-widget-image a img[src$=\".svg\"]{width:48px}.elementor-widget-image img{vertical-align:middle;display:inline-block}<\/style>\n<p>\t\t\t\t\t\t\t\t\t\t\t\t<img decoding=\"async\" width=\"768\" height=\"534\" src=\"https:\/\/www.silcherschule-stuttgart.de\/wp-content\/uploads\/2022\/04\/Sozialcurriculum-Silcherschule-Haus-768x534.jpg\" alt=\"\" loading=\"lazy\" srcset=\"https:\/\/www.silcherschule-stuttgart.de\/wp-content\/uploads\/2022\/04\/Sozialcurriculum-Silcherschule-Haus-768x534.jpg 768w, https:\/\/www.silcherschule-stuttgart.de\/wp-content\/uploads\/2022\/04\/Sozialcurriculum-Silcherschule-Haus-300x209.jpg 300w, https:\/\/www.silcherschule-stuttgart.de\/wp-content\/uploads\/2022\/04\/Sozialcurriculum-Silcherschule-Haus.jpg 800w\" sizes=\"auto, (max-width: 768px) 100vw, 768px\" \/>\t\t\t\t\t\t\t\t\t\t\t\t\t\t\t<\/p>\n<p>Der <strong>Klassenrat<\/strong> f\u00f6rdert das demokratisches Miteinander und die Teilhabe in der Schule. W\u00f6chentlich kommen alle Kinder einer Klasse zusammen und besprechen und entscheiden \u00fcber selbstgew\u00e4hlte Themen: Die Gestaltung des Lernens und Zusammenlebens, aktuelle Probleme und Konflikte, gemeinsame Planungen und Aktivit\u00e4ten. Feste Rollen mit klaren Rechten und Pflichten und ein strukturierter Ablauf bilden die Voraussetzung f\u00fcr das Gelingen des Klassenrates.<\/p>\n<p><strong>Exekutive Funktionen <\/strong>sind die F\u00e4higkeiten, sich zu beruhigen, die eigene Aufmerksamkeit zu steuern, Informationen zu speichern und zu verarbeiten. Sie beein\ufb02ussen daher die Lernleistung und die sozial-emotionale Entwicklung. Somit sind sie eine wichtige Voraussetzung f\u00fcr erfolgreiches Lernen und und den kontrollierten Umgang mit den eigenen Gef\u00fchlen. Deswegen ist es wichtig, diese Funktionen zu Hause und in der Schule zu \u00fcben. <br \/>Spiele (wie z.B.: Alle V\u00f6gel \ufb02iegen hoch, Montagsmaler, Kommando Bimberle, Feuer \/ Wasser \/ Sturm, Sitzt ein Kuckuck auf dem Baum, Ich packe meinen Koffer und viele mehr &#8230;) tragen zur F\u00f6rderung dieser Funktionen bei.<\/p>\n<p>Um den Kindern zu helfen, grunds\u00e4tzlich freundlich und zugewandt miteinander umzugehen, haben wir im April 2018 die <strong>Giraffensprache<\/strong> in unserer Schule eingef\u00fchrt. Die Giraffensprache steht f\u00fcr den achtsamen Umgang miteinander und erleichtert die Kommunikation &#8211; vor allem in Konfliktsituationen. <br \/>Die Giraffensprache st\u00fctzt sich auf das Konzept der gewaltfreien Kommunikation nach Marshall B. Rosenberg und hat sich schon an vielen Grundschulen bew\u00e4hrt. Sie erm\u00f6glicht den Kindern unter anderem, f\u00fcr sich selbst und andere Einf\u00fchlungsverm\u00f6gen zu entwickeln, den bewussten Perspektivenwechsel spielerisch zu \u00fcben und den Wahrnehmungshorizont zu erweitern. Das hilft den Kindern dann, in Konfliktsituationen sprachlich angemessener zu reagieren.<\/p>\n<p>Die Kinder sollen lernen, zun\u00e4chst genau zu erkennen, was passiert, dann wahrzunehmen, wie es ihnen dabei geht und zu \u00fcberlegen, wie es dann gut\/besser weitergehen kann.<\/p>\n<p><u>Konkrete Handlungsschritte sind dabei:\u00a0<\/u><\/p>\n<ol>\n<li>Beobachtung: Ich sage dem anderen, was ich sehe und h\u00f6re.<\/li>\n<li>Gef\u00fchle: Ich sage, wie es mir dabei geht.<\/li>\n<li>Bitte, Wunsch: Ich sage deutlich, was ich mir w\u00fcnsche.<\/li>\n<\/ol>\n<p>In vielen kleineren Einheiten besch\u00e4ftigen sich die Kinder mit Gef\u00fchlen, sowohl angenehmen wie auch unangenehmen Gef\u00fchlen. In Rollenspielen wird dann die gewaltfreie Kommunikation einge\u00fcbt. <br \/>Im Alltag k\u00f6nnen die Lehrer_innen darauf immer wieder zur\u00fcckgreifen. Vor allem bei Streitigkeiten in den Pausen ist dies eine gro\u00dfe Hilfe f\u00fcr alle Beteiligten. Kinder in h\u00f6heren Klassenstufen k\u00f6nnen ihre Streitsituationen zunehmend eigenst\u00e4ndiger kl\u00e4ren. <br \/>J\u00e4hrlich f\u00fchren wir eine Giraffenwoche mit einem kleinen Abschlussfest durch. So k\u00f6nnen alle Kinder lernen, friedlich miteinander zu sprechen.<\/p>\n<p><strong>Dies sind einige kleine Eindr\u00fccke von den Giraffenfesten der letzten Jahre:<\/strong><\/p>\n<style>\/*! elementor - v3.16.0 - 20-09-2023 *\/\n.elementor-widget-image-carousel .swiper,.elementor-widget-image-carousel .swiper-container{position:static}.elementor-widget-image-carousel .swiper-container .swiper-slide figure,.elementor-widget-image-carousel .swiper .swiper-slide figure{line-height:inherit}.elementor-widget-image-carousel .swiper-slide{text-align:center}.elementor-image-carousel-wrapper:not(.swiper-container-initialized):not(.swiper-initialized) .swiper-slide{max-width:calc(100% \/ var(--e-image-carousel-slides-to-show, 3))}<\/style>\n<figure><img decoding=\"async\" src=\"https:\/\/www.silcherschule-stuttgart.de\/wp-content\/uploads\/2022\/03\/Giraffe-GFK-300x180.jpg\" alt=\"Giraffenkunst\" \/><\/figure>\n<figure><img decoding=\"async\" src=\"https:\/\/www.silcherschule-stuttgart.de\/wp-content\/uploads\/2022\/03\/Giraffe-Lied-Schulhof-300x225.jpg\" alt=\"Gemeinsamer Abschluss auf demSchulhof\" \/><\/figure>\n<figure><img decoding=\"async\" src=\"https:\/\/www.silcherschule-stuttgart.de\/wp-content\/uploads\/2022\/04\/Giraffensprache2-300x256.jpg\" alt=\"Giraffensprache\" \/><\/figure>\n<figure><img decoding=\"async\" src=\"https:\/\/www.silcherschule-stuttgart.de\/wp-content\/uploads\/2022\/11\/IMG_0747-300x225.jpg\" alt=\"IMG_0747\" \/><\/figure>\n<figure><img decoding=\"async\" src=\"https:\/\/www.silcherschule-stuttgart.de\/wp-content\/uploads\/2022\/11\/IMG_0746-300x225.jpg\" alt=\"IMG_0746\" \/><\/figure>\n<figure><img decoding=\"async\" src=\"https:\/\/www.silcherschule-stuttgart.de\/wp-content\/uploads\/2022\/11\/IMG_0742-300x225.jpg\" alt=\"IMG_0742\" \/><\/figure>\n<figure><img decoding=\"async\" src=\"https:\/\/www.silcherschule-stuttgart.de\/wp-content\/uploads\/2022\/11\/IMG_0740-225x300.jpg\" alt=\"IMG_0740\" \/><\/figure>\n","protected":false},"excerpt":{"rendered":"<p>Unser Leitbild soziales Lernen Lesekompetenz musisch-\u00e4sthetische F\u00f6rderung sportliche F\u00f6rderung soziales Lernen Uns ist es ein sehr wichtiges Anliegen, dass sich alle an der Schule wohl f\u00fchlen und auch in schwierigen Situationen einf\u00fchlsam und r\u00fccksichtsvoll miteinander umgehen. Soziale Kompetenzen umfassen ein ganzes B\u00fcndel von Werten, Verhaltensweisen und Einstellungen. Sie bieten damit einen Rahmen, der ein harmonisches [&hellip;]<\/p>\n","protected":false},"author":1,"featured_media":0,"parent":23,"menu_order":1,"comment_status":"closed","ping_status":"closed","template":"","meta":{"ocean_post_layout":"","ocean_both_sidebars_style":"","ocean_both_sidebars_content_width":0,"ocean_both_sidebars_sidebars_width":0,"ocean_sidebar":"0","ocean_second_sidebar":"0","ocean_disable_margins":"enable","ocean_add_body_class":"","ocean_shortcode_before_top_bar":"","ocean_shortcode_after_top_bar":"","ocean_shortcode_before_header":"","ocean_shortcode_after_header":"","ocean_has_shortcode":"","ocean_shortcode_after_title":"","ocean_shortcode_before_footer_widgets":"","ocean_shortcode_after_footer_widgets":"","ocean_shortcode_before_footer_bottom":"","ocean_shortcode_after_footer_bottom":"","ocean_display_top_bar":"default","ocean_display_header":"default","ocean_header_style":"","ocean_center_header_left_menu":"0","ocean_custom_header_template":"0","ocean_custom_logo":0,"ocean_custom_retina_logo":0,"ocean_custom_logo_max_width":0,"ocean_custom_logo_tablet_max_width":0,"ocean_custom_logo_mobile_max_width":0,"ocean_custom_logo_max_height":0,"ocean_custom_logo_tablet_max_height":0,"ocean_custom_logo_mobile_max_height":0,"ocean_header_custom_menu":"0","ocean_menu_typo_font_family":"0","ocean_menu_typo_font_subset":"","ocean_menu_typo_font_size":0,"ocean_menu_typo_font_size_tablet":0,"ocean_menu_typo_font_size_mobile":0,"ocean_menu_typo_font_size_unit":"px","ocean_menu_typo_font_weight":"","ocean_menu_typo_font_weight_tablet":"","ocean_menu_typo_font_weight_mobile":"","ocean_menu_typo_transform":"","ocean_menu_typo_transform_tablet":"","ocean_menu_typo_transform_mobile":"","ocean_menu_typo_line_height":0,"ocean_menu_typo_line_height_tablet":0,"ocean_menu_typo_line_height_mobile":0,"ocean_menu_typo_line_height_unit":"","ocean_menu_typo_spacing":0,"ocean_menu_typo_spacing_tablet":0,"ocean_menu_typo_spacing_mobile":0,"ocean_menu_typo_spacing_unit":"","ocean_menu_link_color":"","ocean_menu_link_color_hover":"","ocean_menu_link_color_active":"","ocean_menu_link_background":"","ocean_menu_link_hover_background":"","ocean_menu_link_active_background":"","ocean_menu_social_links_bg":"","ocean_menu_social_hover_links_bg":"","ocean_menu_social_links_color":"","ocean_menu_social_hover_links_color":"","ocean_disable_title":"default","ocean_disable_heading":"default","ocean_post_title":"","ocean_post_subheading":"","ocean_post_title_style":"","ocean_post_title_background_color":"","ocean_post_title_background":0,"ocean_post_title_bg_image_position":"","ocean_post_title_bg_image_attachment":"","ocean_post_title_bg_image_repeat":"","ocean_post_title_bg_image_size":"","ocean_post_title_height":0,"ocean_post_title_bg_overlay":0.5,"ocean_post_title_bg_overlay_color":"","ocean_disable_breadcrumbs":"default","ocean_breadcrumbs_color":"","ocean_breadcrumbs_separator_color":"","ocean_breadcrumbs_links_color":"","ocean_breadcrumbs_links_hover_color":"","ocean_display_footer_widgets":"default","ocean_display_footer_bottom":"default","ocean_custom_footer_template":"0","footnotes":""},"class_list":["post-163","page","type-page","status-publish","hentry","entry"],"_links":{"self":[{"href":"https:\/\/www.silcherschule-stuttgart.de\/index.php?rest_route=\/wp\/v2\/pages\/163","targetHints":{"allow":["GET"]}}],"collection":[{"href":"https:\/\/www.silcherschule-stuttgart.de\/index.php?rest_route=\/wp\/v2\/pages"}],"about":[{"href":"https:\/\/www.silcherschule-stuttgart.de\/index.php?rest_route=\/wp\/v2\/types\/page"}],"author":[{"embeddable":true,"href":"https:\/\/www.silcherschule-stuttgart.de\/index.php?rest_route=\/wp\/v2\/users\/1"}],"replies":[{"embeddable":true,"href":"https:\/\/www.silcherschule-stuttgart.de\/index.php?rest_route=%2Fwp%2Fv2%2Fcomments&post=163"}],"version-history":[{"count":83,"href":"https:\/\/www.silcherschule-stuttgart.de\/index.php?rest_route=\/wp\/v2\/pages\/163\/revisions"}],"predecessor-version":[{"id":2184,"href":"https:\/\/www.silcherschule-stuttgart.de\/index.php?rest_route=\/wp\/v2\/pages\/163\/revisions\/2184"}],"up":[{"embeddable":true,"href":"https:\/\/www.silcherschule-stuttgart.de\/index.php?rest_route=\/wp\/v2\/pages\/23"}],"wp:attachment":[{"href":"https:\/\/www.silcherschule-stuttgart.de\/index.php?rest_route=%2Fwp%2Fv2%2Fmedia&parent=163"}],"curies":[{"name":"wp","href":"https:\/\/api.w.org\/{rel}","templated":true}]}}