{"id":154,"date":"2022-03-31T12:20:30","date_gmt":"2022-03-31T10:20:30","guid":{"rendered":"https:\/\/www.silcherschule-stuttgart.de\/?page_id=154"},"modified":"2023-10-06T17:33:26","modified_gmt":"2023-10-06T15:33:26","slug":"die-mensa","status":"publish","type":"page","link":"https:\/\/www.silcherschule-stuttgart.de\/?page_id=154","title":{"rendered":"Mensa &#038; Werkraum"},"content":{"rendered":"<style>\/*! elementor - v3.16.0 - 20-09-2023 *\/\n.elementor-heading-title{padding:0;margin:0;line-height:1}.elementor-widget-heading .elementor-heading-title[class*=elementor-size-]>a{color:inherit;font-size:inherit;line-height:inherit}.elementor-widget-heading .elementor-heading-title.elementor-size-small{font-size:15px}.elementor-widget-heading .elementor-heading-title.elementor-size-medium{font-size:19px}.elementor-widget-heading .elementor-heading-title.elementor-size-large{font-size:29px}.elementor-widget-heading .elementor-heading-title.elementor-size-xl{font-size:39px}.elementor-widget-heading .elementor-heading-title.elementor-size-xxl{font-size:59px}<\/style>\n<h2>Rundgang<\/h2>\n<style>\/*! elementor - v3.16.0 - 20-09-2023 *\/\n.elementor-column .elementor-spacer-inner{height:var(--spacer-size)}.e-con{--container-widget-width:100%}.e-con-inner>.elementor-widget-spacer,.e-con>.elementor-widget-spacer{width:var(--container-widget-width,var(--spacer-size));--align-self:var(--container-widget-align-self,initial);--flex-shrink:0}.e-con-inner>.elementor-widget-spacer>.elementor-widget-container,.e-con>.elementor-widget-spacer>.elementor-widget-container{height:100%;width:100%}.e-con-inner>.elementor-widget-spacer>.elementor-widget-container>.elementor-spacer,.e-con>.elementor-widget-spacer>.elementor-widget-container>.elementor-spacer{height:100%}.e-con-inner>.elementor-widget-spacer>.elementor-widget-container>.elementor-spacer>.elementor-spacer-inner,.e-con>.elementor-widget-spacer>.elementor-widget-container>.elementor-spacer>.elementor-spacer-inner{height:var(--container-widget-height,var(--spacer-size))}.e-con-inner>.elementor-widget-spacer.elementor-widget-empty,.e-con>.elementor-widget-spacer.elementor-widget-empty{position:relative;min-height:22px;min-width:22px}.e-con-inner>.elementor-widget-spacer.elementor-widget-empty .elementor-widget-empty-icon,.e-con>.elementor-widget-spacer.elementor-widget-empty .elementor-widget-empty-icon{position:absolute;top:0;bottom:0;left:0;right:0;margin:auto;padding:0;width:22px;height:22px}<\/style>\n<p>\t\t\t<a href=\"https:\/\/www.silcherschule-stuttgart.de\/?page_id=21\"><br \/>\n\t\t\t\t\t\tPausenhof<br \/>\n\t\t\t\t\t<\/a><br \/>\n\t\t\t<a href=\"https:\/\/www.silcherschule-stuttgart.de\/?page_id=99\"><br \/>\n\t\t\t\t\t\tSchulgeb\u00e4ude<br \/>\n\t\t\t\t\t<\/a><br \/>\n\t\t\t<a href=\"https:\/\/www.silcherschule-stuttgart.de\/?page_id=108\"><br \/>\n\t\t\t\t\t\tSchulgel\u00e4nde<br \/>\n\t\t\t\t\t<\/a><br \/>\n\t\t\t<a href=\"https:\/\/www.silcherschule-stuttgart.de\/?page_id=124\"><br \/>\n\t\t\t\t\t\tSportanlagen<br \/>\n\t\t\t\t\t<\/a><br \/>\n\t\t\t<a href=\"https:\/\/www.silcherschule-stuttgart.de\/?page_id=130\"><br \/>\n\t\t\t\t\t\tSchulb\u00fccherei<br \/>\n\t\t\t\t\t<\/a><br \/>\n\t\t\t<a href=\"https:\/\/www.silcherschule-stuttgart.de\/?page_id=154\"><br \/>\n\t\t\t\t\t\tMensa &#038; Werkraum<br \/>\n\t\t\t\t\t<\/a><\/p>\n<p>Unser Erweiterungsbau, in dem sich die Mensa und der Werkraum befindet. <\/p>\n<style>\/*! elementor - v3.16.0 - 20-09-2023 *\/\n.elementor-image-gallery .gallery-item{display:inline-block;text-align:center;vertical-align:top;width:100%;max-width:100%;margin:0 auto}.elementor-image-gallery .gallery-item img{margin:0 auto}.elementor-image-gallery .gallery-item .gallery-caption{margin:0}.elementor-image-gallery figure img{display:block}.elementor-image-gallery figure figcaption{width:100%}.gallery-spacing-custom .elementor-image-gallery .gallery-icon{padding:0}@media (min-width:768px){.elementor-image-gallery .gallery-columns-2 .gallery-item{max-width:50%}.elementor-image-gallery .gallery-columns-3 .gallery-item{max-width:33.33%}.elementor-image-gallery .gallery-columns-4 .gallery-item{max-width:25%}.elementor-image-gallery .gallery-columns-5 .gallery-item{max-width:20%}.elementor-image-gallery .gallery-columns-6 .gallery-item{max-width:16.666%}.elementor-image-gallery .gallery-columns-7 .gallery-item{max-width:14.28%}.elementor-image-gallery .gallery-columns-8 .gallery-item{max-width:12.5%}.elementor-image-gallery .gallery-columns-9 .gallery-item{max-width:11.11%}.elementor-image-gallery .gallery-columns-10 .gallery-item{max-width:10%}}@media (min-width:480px) and (max-width:767px){.elementor-image-gallery .gallery.gallery-columns-2 .gallery-item,.elementor-image-gallery .gallery.gallery-columns-3 .gallery-item,.elementor-image-gallery .gallery.gallery-columns-4 .gallery-item,.elementor-image-gallery .gallery.gallery-columns-5 .gallery-item,.elementor-image-gallery .gallery.gallery-columns-6 .gallery-item,.elementor-image-gallery .gallery.gallery-columns-7 .gallery-item,.elementor-image-gallery .gallery.gallery-columns-8 .gallery-item,.elementor-image-gallery .gallery.gallery-columns-9 .gallery-item,.elementor-image-gallery .gallery.gallery-columns-10 .gallery-item{max-width:50%}}@media (max-width:479px){.elementor-image-gallery .gallery.gallery-columns-2 .gallery-item,.elementor-image-gallery .gallery.gallery-columns-3 .gallery-item,.elementor-image-gallery .gallery.gallery-columns-4 .gallery-item,.elementor-image-gallery .gallery.gallery-columns-5 .gallery-item,.elementor-image-gallery .gallery.gallery-columns-6 .gallery-item,.elementor-image-gallery .gallery.gallery-columns-7 .gallery-item,.elementor-image-gallery .gallery.gallery-columns-8 .gallery-item,.elementor-image-gallery .gallery.gallery-columns-9 .gallery-item,.elementor-image-gallery .gallery.gallery-columns-10 .gallery-item{max-width:100%}}<\/style>\n<figure class='gallery-item'>\n\t\t\t\t<a data-elementor-open-lightbox=\"yes\" data-elementor-lightbox-slideshow=\"72b4f0de\" data-elementor-lightbox-title=\"Mensa\" data-e-action-hash=\"#elementor-action%3Aaction%3Dlightbox%26settings%3DeyJpZCI6MTUxMSwidXJsIjoiaHR0cHM6XC9cL3d3dy5zaWxjaGVyc2NodWxlLXN0dXR0Z2FydC5kZVwvd3AtY29udGVudFwvdXBsb2Fkc1wvMjAyMlwvMDRcL01lbnNhLXNjYWxlZC5qcGciLCJzbGlkZXNob3ciOiI3MmI0ZjBkZSJ9\" href='https:\/\/www.silcherschule-stuttgart.de\/wp-content\/uploads\/2022\/04\/Mensa-scaled.jpg'><img width=\"300\" height=\"216\" src=\"https:\/\/www.silcherschule-stuttgart.de\/wp-content\/uploads\/2022\/04\/Mensa-300x216.jpg\" alt=\"\" decoding=\"async\" loading=\"lazy\" srcset=\"https:\/\/www.silcherschule-stuttgart.de\/wp-content\/uploads\/2022\/04\/Mensa-300x216.jpg 300w, https:\/\/www.silcherschule-stuttgart.de\/wp-content\/uploads\/2022\/04\/Mensa-1024x737.jpg 1024w, https:\/\/www.silcherschule-stuttgart.de\/wp-content\/uploads\/2022\/04\/Mensa-768x552.jpg 768w, https:\/\/www.silcherschule-stuttgart.de\/wp-content\/uploads\/2022\/04\/Mensa-1536x1105.jpg 1536w, https:\/\/www.silcherschule-stuttgart.de\/wp-content\/uploads\/2022\/04\/Mensa-2048x1473.jpg 2048w\" sizes=\"auto, (max-width: 300px) 100vw, 300px\" \/><\/a><br \/>\n\t\t\t<\/figure>\n<figure class='gallery-item'>\n\t\t\t\t<a data-elementor-open-lightbox=\"yes\" data-elementor-lightbox-slideshow=\"72b4f0de\" data-elementor-lightbox-title=\"Mensa2\" data-e-action-hash=\"#elementor-action%3Aaction%3Dlightbox%26settings%3DeyJpZCI6MTU0NSwidXJsIjoiaHR0cHM6XC9cL3d3dy5zaWxjaGVyc2NodWxlLXN0dXR0Z2FydC5kZVwvd3AtY29udGVudFwvdXBsb2Fkc1wvMjAyMlwvMDRcL01lbnNhMi1zY2FsZWQuanBnIiwic2xpZGVzaG93IjoiNzJiNGYwZGUifQ%3D%3D\" href='https:\/\/www.silcherschule-stuttgart.de\/wp-content\/uploads\/2022\/04\/Mensa2-scaled.jpg'><img width=\"300\" height=\"199\" src=\"https:\/\/www.silcherschule-stuttgart.de\/wp-content\/uploads\/2022\/04\/Mensa2-300x199.jpg\" alt=\"\" decoding=\"async\" loading=\"lazy\" srcset=\"https:\/\/www.silcherschule-stuttgart.de\/wp-content\/uploads\/2022\/04\/Mensa2-300x199.jpg 300w, https:\/\/www.silcherschule-stuttgart.de\/wp-content\/uploads\/2022\/04\/Mensa2-1024x678.jpg 1024w, https:\/\/www.silcherschule-stuttgart.de\/wp-content\/uploads\/2022\/04\/Mensa2-768x509.jpg 768w, https:\/\/www.silcherschule-stuttgart.de\/wp-content\/uploads\/2022\/04\/Mensa2-1536x1017.jpg 1536w, https:\/\/www.silcherschule-stuttgart.de\/wp-content\/uploads\/2022\/04\/Mensa2-2048x1356.jpg 2048w\" sizes=\"auto, (max-width: 300px) 100vw, 300px\" \/><\/a><br \/>\n\t\t\t<\/figure>\n<figure class='gallery-item'>\n\t\t\t\t<a data-elementor-open-lightbox=\"yes\" data-elementor-lightbox-slideshow=\"72b4f0de\" data-elementor-lightbox-title=\"DSC_0032\" data-e-action-hash=\"#elementor-action%3Aaction%3Dlightbox%26settings%3DeyJpZCI6MTMwNywidXJsIjoiaHR0cHM6XC9cL3d3dy5zaWxjaGVyc2NodWxlLXN0dXR0Z2FydC5kZVwvd3AtY29udGVudFwvdXBsb2Fkc1wvMjAyMlwvMDRcL0RTQ18wMDMyLXNjYWxlZC5qcGciLCJzbGlkZXNob3ciOiI3MmI0ZjBkZSJ9\" href='https:\/\/www.silcherschule-stuttgart.de\/wp-content\/uploads\/2022\/04\/DSC_0032-scaled.jpg'><img width=\"300\" height=\"199\" src=\"https:\/\/www.silcherschule-stuttgart.de\/wp-content\/uploads\/2022\/04\/DSC_0032-300x199.jpg\" alt=\"\" decoding=\"async\" loading=\"lazy\" srcset=\"https:\/\/www.silcherschule-stuttgart.de\/wp-content\/uploads\/2022\/04\/DSC_0032-300x199.jpg 300w, https:\/\/www.silcherschule-stuttgart.de\/wp-content\/uploads\/2022\/04\/DSC_0032-1024x678.jpg 1024w, https:\/\/www.silcherschule-stuttgart.de\/wp-content\/uploads\/2022\/04\/DSC_0032-768x509.jpg 768w, https:\/\/www.silcherschule-stuttgart.de\/wp-content\/uploads\/2022\/04\/DSC_0032-1536x1017.jpg 1536w, https:\/\/www.silcherschule-stuttgart.de\/wp-content\/uploads\/2022\/04\/DSC_0032-2048x1356.jpg 2048w\" sizes=\"auto, (max-width: 300px) 100vw, 300px\" \/><\/a><br \/>\n\t\t\t<\/figure>\n<p>Innenansicht der Mensa: Hier speisen die Kinder.&nbsp;<\/p>\n<figure class='gallery-item'>\n\t\t\t\t<a data-elementor-open-lightbox=\"yes\" data-elementor-lightbox-slideshow=\"f45f08e\" data-elementor-lightbox-title=\"Mensa innen 1\" data-e-action-hash=\"#elementor-action%3Aaction%3Dlightbox%26settings%3DeyJpZCI6MTYxMCwidXJsIjoiaHR0cHM6XC9cL3d3dy5zaWxjaGVyc2NodWxlLXN0dXR0Z2FydC5kZVwvd3AtY29udGVudFwvdXBsb2Fkc1wvMjAyMlwvMDRcL01lbnNhLWlubmVuLTEtc2NhbGVkLmpwZyIsInNsaWRlc2hvdyI6ImY0NWYwOGUifQ%3D%3D\" href='https:\/\/www.silcherschule-stuttgart.de\/wp-content\/uploads\/2022\/04\/Mensa-innen-1-scaled.jpg'><img width=\"300\" height=\"199\" src=\"https:\/\/www.silcherschule-stuttgart.de\/wp-content\/uploads\/2022\/04\/Mensa-innen-1-300x199.jpg\" alt=\"\" decoding=\"async\" loading=\"lazy\" srcset=\"https:\/\/www.silcherschule-stuttgart.de\/wp-content\/uploads\/2022\/04\/Mensa-innen-1-300x199.jpg 300w, https:\/\/www.silcherschule-stuttgart.de\/wp-content\/uploads\/2022\/04\/Mensa-innen-1-1024x678.jpg 1024w, https:\/\/www.silcherschule-stuttgart.de\/wp-content\/uploads\/2022\/04\/Mensa-innen-1-768x509.jpg 768w, https:\/\/www.silcherschule-stuttgart.de\/wp-content\/uploads\/2022\/04\/Mensa-innen-1-1536x1017.jpg 1536w, https:\/\/www.silcherschule-stuttgart.de\/wp-content\/uploads\/2022\/04\/Mensa-innen-1-2048x1356.jpg 2048w\" sizes=\"auto, (max-width: 300px) 100vw, 300px\" \/><\/a><br \/>\n\t\t\t<\/figure>\n<figure class='gallery-item'>\n\t\t\t\t<a data-elementor-open-lightbox=\"yes\" data-elementor-lightbox-slideshow=\"f45f08e\" data-elementor-lightbox-title=\"Mensa innen 4\" data-e-action-hash=\"#elementor-action%3Aaction%3Dlightbox%26settings%3DeyJpZCI6MTYxMiwidXJsIjoiaHR0cHM6XC9cL3d3dy5zaWxjaGVyc2NodWxlLXN0dXR0Z2FydC5kZVwvd3AtY29udGVudFwvdXBsb2Fkc1wvMjAyMlwvMDRcL01lbnNhLWlubmVuLTQtc2NhbGVkLmpwZyIsInNsaWRlc2hvdyI6ImY0NWYwOGUifQ%3D%3D\" href='https:\/\/www.silcherschule-stuttgart.de\/wp-content\/uploads\/2022\/04\/Mensa-innen-4-scaled.jpg'><img width=\"300\" height=\"199\" src=\"https:\/\/www.silcherschule-stuttgart.de\/wp-content\/uploads\/2022\/04\/Mensa-innen-4-300x199.jpg\" alt=\"\" decoding=\"async\" loading=\"lazy\" srcset=\"https:\/\/www.silcherschule-stuttgart.de\/wp-content\/uploads\/2022\/04\/Mensa-innen-4-300x199.jpg 300w, https:\/\/www.silcherschule-stuttgart.de\/wp-content\/uploads\/2022\/04\/Mensa-innen-4-1024x678.jpg 1024w, https:\/\/www.silcherschule-stuttgart.de\/wp-content\/uploads\/2022\/04\/Mensa-innen-4-768x509.jpg 768w, https:\/\/www.silcherschule-stuttgart.de\/wp-content\/uploads\/2022\/04\/Mensa-innen-4-1536x1017.jpg 1536w, https:\/\/www.silcherschule-stuttgart.de\/wp-content\/uploads\/2022\/04\/Mensa-innen-4-2048x1356.jpg 2048w\" sizes=\"auto, (max-width: 300px) 100vw, 300px\" \/><\/a><br \/>\n\t\t\t<\/figure>\n<figure class='gallery-item'>\n\t\t\t\t<a data-elementor-open-lightbox=\"yes\" data-elementor-lightbox-slideshow=\"f45f08e\" data-elementor-lightbox-title=\"Mensa innen3\" data-e-action-hash=\"#elementor-action%3Aaction%3Dlightbox%26settings%3DeyJpZCI6MTYxMywidXJsIjoiaHR0cHM6XC9cL3d3dy5zaWxjaGVyc2NodWxlLXN0dXR0Z2FydC5kZVwvd3AtY29udGVudFwvdXBsb2Fkc1wvMjAyMlwvMDRcL01lbnNhLWlubmVuMy1zY2FsZWQuanBnIiwic2xpZGVzaG93IjoiZjQ1ZjA4ZSJ9\" href='https:\/\/www.silcherschule-stuttgart.de\/wp-content\/uploads\/2022\/04\/Mensa-innen3-scaled.jpg'><img width=\"300\" height=\"199\" src=\"https:\/\/www.silcherschule-stuttgart.de\/wp-content\/uploads\/2022\/04\/Mensa-innen3-300x199.jpg\" alt=\"\" decoding=\"async\" loading=\"lazy\" srcset=\"https:\/\/www.silcherschule-stuttgart.de\/wp-content\/uploads\/2022\/04\/Mensa-innen3-300x199.jpg 300w, https:\/\/www.silcherschule-stuttgart.de\/wp-content\/uploads\/2022\/04\/Mensa-innen3-1024x678.jpg 1024w, https:\/\/www.silcherschule-stuttgart.de\/wp-content\/uploads\/2022\/04\/Mensa-innen3-768x509.jpg 768w, https:\/\/www.silcherschule-stuttgart.de\/wp-content\/uploads\/2022\/04\/Mensa-innen3-1536x1017.jpg 1536w, https:\/\/www.silcherschule-stuttgart.de\/wp-content\/uploads\/2022\/04\/Mensa-innen3-2048x1356.jpg 2048w\" sizes=\"auto, (max-width: 300px) 100vw, 300px\" \/><\/a><br \/>\n\t\t\t<\/figure>\n<p>Mit der Fertigstellung der neuen Mensa im Schuljahr 2011\/12 entstand im Untergeschoss noch ein weiteres Highlight der Silcherschule:<\/p>\n<p><u>Der Werkraum<br \/><\/u>Es handelt sich dabei um eine voll ausgestattete Werkstatt zum H\u00e4mmern, S\u00e4gen, Bohren (manuell), T\u00f6pfern, Leimen, Schleifen, Raspeln und vielem mehr.<br \/>Da es einen dazugeh\u00f6rigen Materialraum mit viel Aufbewahrungsm\u00f6glichkeiten gibt, k\u00f6nnen auch mehrst\u00fcndige Projekte durchgef\u00fchrt werden.<br \/>Genutzt wird dieser lichtdurchflutete Raum nicht nur f\u00fcr schulische Zwecke im Bereich Kunst und Werken, sondern gerne auch f\u00fcr Themenangebote im Ganztag.<\/p>\n<p>Alle Kolleg_innen sch\u00e4tzen die Arbeit in der Werkstatt, da die Kinder gl\u00fccklich, zufrieden und stolz mit selbst produzierten Werken aus dem Unterricht kommen! Im Sommer werden gerne die T\u00fcren zu unserer gro\u00dfen Terrasse ge\u00f6ffnet. Hier finden sich im Schatten weitere Pl\u00e4tze, an denen die Kinder sich kreativ bet\u00e4tigen k\u00f6nnen.<\/p>\n<figure class='gallery-item'>\n\t\t\t\t<a data-elementor-open-lightbox=\"yes\" data-elementor-lightbox-slideshow=\"06941f0\" data-elementor-lightbox-title=\"Werkstatt\" data-e-action-hash=\"#elementor-action%3Aaction%3Dlightbox%26settings%3DeyJpZCI6MTAyOSwidXJsIjoiaHR0cHM6XC9cL3d3dy5zaWxjaGVyc2NodWxlLXN0dXR0Z2FydC5kZVwvd3AtY29udGVudFwvdXBsb2Fkc1wvMjAyMlwvMDRcL1dlcmtzdGF0dDIuanBnIiwic2xpZGVzaG93IjoiMDY5NDFmMCJ9\" href='https:\/\/www.silcherschule-stuttgart.de\/wp-content\/uploads\/2022\/04\/Werkstatt2.jpg'><img width=\"300\" height=\"196\" src=\"https:\/\/www.silcherschule-stuttgart.de\/wp-content\/uploads\/2022\/04\/Werkstatt2-300x196.jpg\" alt=\"\" decoding=\"async\" loading=\"lazy\" srcset=\"https:\/\/www.silcherschule-stuttgart.de\/wp-content\/uploads\/2022\/04\/Werkstatt2-300x196.jpg 300w, https:\/\/www.silcherschule-stuttgart.de\/wp-content\/uploads\/2022\/04\/Werkstatt2.jpg 763w\" sizes=\"auto, (max-width: 300px) 100vw, 300px\" \/><\/a><br \/>\n\t\t\t<\/figure>\n<figure class='gallery-item'>\n\t\t\t\t<a data-elementor-open-lightbox=\"yes\" data-elementor-lightbox-slideshow=\"06941f0\" data-elementor-lightbox-title=\"Werkstatt\" data-e-action-hash=\"#elementor-action%3Aaction%3Dlightbox%26settings%3DeyJpZCI6MTAzMCwidXJsIjoiaHR0cHM6XC9cL3d3dy5zaWxjaGVyc2NodWxlLXN0dXR0Z2FydC5kZVwvd3AtY29udGVudFwvdXBsb2Fkc1wvMjAyMlwvMDRcL1dlcmtzdGF0dDMuanBnIiwic2xpZGVzaG93IjoiMDY5NDFmMCJ9\" href='https:\/\/www.silcherschule-stuttgart.de\/wp-content\/uploads\/2022\/04\/Werkstatt3.jpg'><img width=\"300\" height=\"201\" src=\"https:\/\/www.silcherschule-stuttgart.de\/wp-content\/uploads\/2022\/04\/Werkstatt3-300x201.jpg\" alt=\"\" decoding=\"async\" loading=\"lazy\" srcset=\"https:\/\/www.silcherschule-stuttgart.de\/wp-content\/uploads\/2022\/04\/Werkstatt3-300x201.jpg 300w, https:\/\/www.silcherschule-stuttgart.de\/wp-content\/uploads\/2022\/04\/Werkstatt3-768x515.jpg 768w, https:\/\/www.silcherschule-stuttgart.de\/wp-content\/uploads\/2022\/04\/Werkstatt3.jpg 791w\" sizes=\"auto, (max-width: 300px) 100vw, 300px\" \/><\/a><br \/>\n\t\t\t<\/figure>\n<figure class='gallery-item'>\n\t\t\t\t<a data-elementor-open-lightbox=\"yes\" data-elementor-lightbox-slideshow=\"06941f0\" data-elementor-lightbox-title=\"Werkstatt\" data-e-action-hash=\"#elementor-action%3Aaction%3Dlightbox%26settings%3DeyJpZCI6MTAyOCwidXJsIjoiaHR0cHM6XC9cL3d3dy5zaWxjaGVyc2NodWxlLXN0dXR0Z2FydC5kZVwvd3AtY29udGVudFwvdXBsb2Fkc1wvMjAyMlwvMDRcL1dlcmtzdGF0dDEtc2NhbGVkLmpwZyIsInNsaWRlc2hvdyI6IjA2OTQxZjAifQ%3D%3D\" href='https:\/\/www.silcherschule-stuttgart.de\/wp-content\/uploads\/2022\/04\/Werkstatt1-scaled.jpg'><img width=\"300\" height=\"225\" src=\"https:\/\/www.silcherschule-stuttgart.de\/wp-content\/uploads\/2022\/04\/Werkstatt1-300x225.jpg\" alt=\"\" decoding=\"async\" loading=\"lazy\" srcset=\"https:\/\/www.silcherschule-stuttgart.de\/wp-content\/uploads\/2022\/04\/Werkstatt1-300x225.jpg 300w, https:\/\/www.silcherschule-stuttgart.de\/wp-content\/uploads\/2022\/04\/Werkstatt1-1024x768.jpg 1024w, https:\/\/www.silcherschule-stuttgart.de\/wp-content\/uploads\/2022\/04\/Werkstatt1-768x576.jpg 768w, https:\/\/www.silcherschule-stuttgart.de\/wp-content\/uploads\/2022\/04\/Werkstatt1-1536x1152.jpg 1536w, https:\/\/www.silcherschule-stuttgart.de\/wp-content\/uploads\/2022\/04\/Werkstatt1-2048x1536.jpg 2048w\" sizes=\"auto, (max-width: 300px) 100vw, 300px\" \/><\/a><br \/>\n\t\t\t<\/figure>\n","protected":false},"excerpt":{"rendered":"<p>Rundgang Pausenhof Schulgeb\u00e4ude Schulgel\u00e4nde Sportanlagen Schulb\u00fccherei Mensa &#038; Werkraum Unser Erweiterungsbau, in dem sich die Mensa und der Werkraum befindet. Innenansicht der Mensa: Hier speisen die Kinder.&nbsp; Mit der Fertigstellung der neuen Mensa im Schuljahr 2011\/12 entstand im Untergeschoss noch ein weiteres Highlight der Silcherschule: Der WerkraumEs handelt sich dabei um eine voll ausgestattete Werkstatt [&hellip;]<\/p>\n","protected":false},"author":1,"featured_media":0,"parent":21,"menu_order":5,"comment_status":"closed","ping_status":"closed","template":"","meta":{"ocean_post_layout":"","ocean_both_sidebars_style":"","ocean_both_sidebars_content_width":0,"ocean_both_sidebars_sidebars_width":0,"ocean_sidebar":"0","ocean_second_sidebar":"0","ocean_disable_margins":"enable","ocean_add_body_class":"","ocean_shortcode_before_top_bar":"","ocean_shortcode_after_top_bar":"","ocean_shortcode_before_header":"","ocean_shortcode_after_header":"","ocean_has_shortcode":"","ocean_shortcode_after_title":"","ocean_shortcode_before_footer_widgets":"","ocean_shortcode_after_footer_widgets":"","ocean_shortcode_before_footer_bottom":"","ocean_shortcode_after_footer_bottom":"","ocean_display_top_bar":"default","ocean_display_header":"default","ocean_header_style":"","ocean_center_header_left_menu":"0","ocean_custom_header_template":"0","ocean_custom_logo":0,"ocean_custom_retina_logo":0,"ocean_custom_logo_max_width":0,"ocean_custom_logo_tablet_max_width":0,"ocean_custom_logo_mobile_max_width":0,"ocean_custom_logo_max_height":0,"ocean_custom_logo_tablet_max_height":0,"ocean_custom_logo_mobile_max_height":0,"ocean_header_custom_menu":"0","ocean_menu_typo_font_family":"0","ocean_menu_typo_font_subset":"","ocean_menu_typo_font_size":0,"ocean_menu_typo_font_size_tablet":0,"ocean_menu_typo_font_size_mobile":0,"ocean_menu_typo_font_size_unit":"px","ocean_menu_typo_font_weight":"","ocean_menu_typo_font_weight_tablet":"","ocean_menu_typo_font_weight_mobile":"","ocean_menu_typo_transform":"","ocean_menu_typo_transform_tablet":"","ocean_menu_typo_transform_mobile":"","ocean_menu_typo_line_height":0,"ocean_menu_typo_line_height_tablet":0,"ocean_menu_typo_line_height_mobile":0,"ocean_menu_typo_line_height_unit":"","ocean_menu_typo_spacing":0,"ocean_menu_typo_spacing_tablet":0,"ocean_menu_typo_spacing_mobile":0,"ocean_menu_typo_spacing_unit":"","ocean_menu_link_color":"","ocean_menu_link_color_hover":"","ocean_menu_link_color_active":"","ocean_menu_link_background":"","ocean_menu_link_hover_background":"","ocean_menu_link_active_background":"","ocean_menu_social_links_bg":"","ocean_menu_social_hover_links_bg":"","ocean_menu_social_links_color":"","ocean_menu_social_hover_links_color":"","ocean_disable_title":"default","ocean_disable_heading":"default","ocean_post_title":"","ocean_post_subheading":"","ocean_post_title_style":"","ocean_post_title_background_color":"","ocean_post_title_background":0,"ocean_post_title_bg_image_position":"","ocean_post_title_bg_image_attachment":"","ocean_post_title_bg_image_repeat":"","ocean_post_title_bg_image_size":"","ocean_post_title_height":0,"ocean_post_title_bg_overlay":0.5,"ocean_post_title_bg_overlay_color":"","ocean_disable_breadcrumbs":"default","ocean_breadcrumbs_color":"","ocean_breadcrumbs_separator_color":"","ocean_breadcrumbs_links_color":"","ocean_breadcrumbs_links_hover_color":"","ocean_display_footer_widgets":"default","ocean_display_footer_bottom":"default","ocean_custom_footer_template":"0","footnotes":""},"class_list":["post-154","page","type-page","status-publish","hentry","entry"],"_links":{"self":[{"href":"https:\/\/www.silcherschule-stuttgart.de\/index.php?rest_route=\/wp\/v2\/pages\/154","targetHints":{"allow":["GET"]}}],"collection":[{"href":"https:\/\/www.silcherschule-stuttgart.de\/index.php?rest_route=\/wp\/v2\/pages"}],"about":[{"href":"https:\/\/www.silcherschule-stuttgart.de\/index.php?rest_route=\/wp\/v2\/types\/page"}],"author":[{"embeddable":true,"href":"https:\/\/www.silcherschule-stuttgart.de\/index.php?rest_route=\/wp\/v2\/users\/1"}],"replies":[{"embeddable":true,"href":"https:\/\/www.silcherschule-stuttgart.de\/index.php?rest_route=%2Fwp%2Fv2%2Fcomments&post=154"}],"version-history":[{"count":91,"href":"https:\/\/www.silcherschule-stuttgart.de\/index.php?rest_route=\/wp\/v2\/pages\/154\/revisions"}],"predecessor-version":[{"id":2169,"href":"https:\/\/www.silcherschule-stuttgart.de\/index.php?rest_route=\/wp\/v2\/pages\/154\/revisions\/2169"}],"up":[{"embeddable":true,"href":"https:\/\/www.silcherschule-stuttgart.de\/index.php?rest_route=\/wp\/v2\/pages\/21"}],"wp:attachment":[{"href":"https:\/\/www.silcherschule-stuttgart.de\/index.php?rest_route=%2Fwp%2Fv2%2Fmedia&parent=154"}],"curies":[{"name":"wp","href":"https:\/\/api.w.org\/{rel}","templated":true}]}}